ate (-10 - (-2 + 12 - -3)) + 10.
-13
What is -15 + (-4 + -7 - -14)?
-12
What is the value of 1 + (8 - -3) + -15 + (-2 - 10)?
-15
Calculate (2 - 7 - 0) + (8 - 11) + 4.
-4
Evaluate -6 + (5 - -1 - -12) + (6 - 5).
13
What is -14 + -3 + 8 + -26 + 29?
-6
11 + 0 - (-376 + 395)
-8
2 - -20 - (-154 - -163)
13
What is (-4 - (-1 + -1)) + (7 - (0 - -3))?
2
Calculate 1 + 4 - (-140 + 133).
12
(5 - (-4 - 2 - (-11 + 1))) + 36
37
What is the value of -33 + -28 + (48 - 16)?
-29
Calculate -2 + (0 - -3 - (555 - 546)).
-8
Evaluate 1 + (4 - -3 - (-1 + 1 - 3)).
11
What is 31 - ((0 - 5) + 31) - (0 + 39)?
-34
Calculate (42 - 24) + -36 + (1 - -14).
-3
What is (26 - (-29 - -54) - (7 - -1)) + 17?
10
What is the value of 208 + -236 - (-20 - -2)?
-10
What is -2 + (3 - (-11 + 30)) - -4?
-14
Evaluate 3 - ((-4 - 2) + (1 - -8 - -4)).
-4
(-2 - -12) + (-4 - -3) - (1 - -25)
-17
(40 - 14) + -3 - 40
-17
Calculate -7 + 6 + 11 - (12 + 3).
-5
Evaluate 8 + 2 + 0 - (62 + (-52 - 24)).
24
Calculate -6 + (3 - 3 - (-11 + 12)) + 7.
0
Evaluate 27 + -21 - (1 - -2).
3
Evaluate 30 + -44 - -2 - (-3 - 0 - -8).
-17
3 + -3 - 0 - (-152 - -142)
10
What is 19 - 2 - (-56 - -77)?
-4
What is the value of 16 + (5 - (53 + -20))?
-12
What is 1 + -6 - (1 + -10 + 17 + -17)?
4
Evaluate -20 - (30 - 14 - 31).
-5
What is the value of 0 - 12 - (362 + -381)?
7
What is the value of (1 - 15) + 6 - -13?
5
46 - (-11 + 16) - (8 + -3)
36
What is the value of (2 - -13) + (9 + -18 - -2)?
8
Calculate -4 + (-7 - (1 + 12 - 8)).
-16
Evaluate (358 - 338) + 0 + 0.
20
Calculate -8 - (5 - (5 - 12)) - -11.
-9
20 - ((8 - 4) + 10)
6
Calculate 1 + -4 + (5 - 4 - -14).
12
(-4 - 1) + -27 + 20 + 0 + 4
-8
-9 + 2 + -25 + 36 + -9
-5
What is 8 + (-1 + -28 - (-30 - -23))?
-14
Evaluate 17 - (-14 - -16 - -14).
1
Calculate 2 - 5 - (251 + -279).
25
What is 13 - (-15 + 7 - -25)?
-4
What is the value of (-2186 - -2147) + 51 + -1?
11
What is the value of -22 + (5 - 1 - (-46 - -41))?
-13
What is -1 - 4 - (0 - -4) - (-233 - -211)?
13
Calculate -2 + (-16 - (-3 + -6)) + 22.
13
4 + 3 + -8 - -2 - -2
3
Evaluate -15 + (12 - (-10 - 0)) - 14.
-7
What is (5 - -4) + -23 + 2 + (1 - -5)?
-6
599 + -600 + (0 - -20)
19
6 + (-12 - (-1 - 7 - -2))
0
-14 + (15 - -4 - 16) + -12
-23
Calculate (226 - 225) + (1 - 9).
-7
Evaluate (-13 - -7 - -7) + 1 + -4.
-2
35 + -4 + (5 - 32)
4
Calculate -5 + 34 + (-83 - -32).
-22
(0 - 6) + 3 + 9 + -2 + -13
-9
Evaluate -1 - (-10 + (-14 - -12)).
11
What is the value of -6 + 37 + -38 - 24?
-31
Evaluate 13 + 11 + 12 + -23 + 11.
24
24 + 39 + -49 - (-2 - -10)
6
Calculate 397 + -391 - (1 + 1).
4
What is 7 + (-1 - -8) + (3 - 5)?
12
159 - 182 - (-43 + 2)
18
What is (3 - 1 - (-13 + 15)) + -94 + 75?
-19
What is 1 - 1 - (-13 + (4 + -10 - -17))?
2
What is (9 - 5) + -22 + 5?
-13
Calculate 11 - 0 - (-241 - -265).
-13
What is -49 - -24 - -13 - (2 - 1)?
-13
Calculate (-7 - 2) + -3 + 21.
9
What is -16 - -5 - (-11 - ((-2 - 3) + -3))?
-8
What is the value of -25 + 24 + (23 - 34)?
-12
Calculate (15 - (-12 - -18)) + -20.
-11
What is the value of -11 - (-42 - -26) - (0 + 1)?
4
-2 - -1 - 5 - ((171 - 107) + -52)
-18
What is -88 + 130 - (-2 + 19)?
25
Evaluate -8 + 8 - (1 + 5 + 0).
-6
Evaluate (-20 + 52 - -3) + -16.
19
What is the value of (-10 + 2 - 0) + (22 - (1 - -20))?
-7
Calculate 0 - (-4 + -6 + 6 + 10 + -3).
-3
What is the value of -2 + -16 + (299 - 277)?
4
Calculate -120 - -103 - (0 + 4).
-21
What is the value of 7 + 7 + -5 + (14 - 1)?
22
(27 - 22 - -18) + -18
5
Evaluate (-56 - -48) + -7 + (5 - 1) + 2.
-9
Calculate (-15 - -12) + (29 - 32) + (13 - -1).
8
What is 0 + -33 + 26 + -7?
-14
-18 + 15 - -9 - 21
-15
Evaluate -1 - (-5 + -6 + 2) - (1 + 22).
-15
What is 7 - (0 + (4 - 2)) - (-1 - -18)?
-12
What is the value of 4 + -5 + -12 + 8 + 3 + -2?
-4
Evaluate 4 - (-3 + 1 + -4 - -9).
1
(-36 - (-38 - 12)) + (3 - (-5 - 0))
22
Calculate 22 + -22 - (-2 + 25).
-23
What is (-5 - (-40 + 34)) + 27?
28
23 - (10 - (3 - (0 - -4)))
12
Evaluate 3 + -14 + (-4 - -8) + -7.
-14
Calculate (-3 - 10 - (4 + 3)) + 4.
-16
What is the value of 13 + 1 + -10 - (-8 - -2)?
10
(6 + 7 + -8 - 27) + -3
-25
0 + (1 - 0) + -78 + (35 - -38)
-4
What is -8 - 0 - (14 - 24 - -8)?
-6
What is the value of -49 - (6 - (-31 + 64))?
-22
Evaluate (-4 - (0 - -2)) + (221 - 232).
-17
Evaluate 1 + 0 + -8 + (14 - 6 - -7).
8
What is the value of 0 + 10 + (-25 - -38) + -24 + 4?
3
Evaluate 50 - (0 + -7 + 33).
24
What is 8 + 2 - (11 + 21 - 18)?
-4
Evaluate 13 + 72 - 21 - 44.
20
What is (5 - (0 - (4 - 6 - -2))) + -10?
-5
What is 10 - 0 - 0 - (-264 - -288)?
-14
29 + -35 + (-3 - -1) + 23
15
Evaluate (-9 - (2 - 6) - -4) + 1.
0
Calculate 15 + -27 - (-6 - -9).
-15
What is -3 + (0 - -1) + (-11 - (21 - 40))?
6
What is the value of (8 - (1 + 9)) + 18 + 3?
19
Calculate -10 + (25 - 8) - (4 - (29 + -3)).
29
82 - 79 - (15 + -4)
-8
What is the value of -8 + -5 + 8 - (7 - 12)?
0
Calculate 10 + -12 + 158 + -153.
3
Calculate -6 - (8 - 16) - (15 + -8 + 0).
-5
(17 + -5 - (19 - 14)) + 16
23
Evaluate (5 - (1 + 6 + -4)) + (2 - -4).
8
Calculate -15 - ((15 - 2) + -1 + 3 + -9).
-21
What is 18 - ((-13 - 2) + 23)?
10
Evaluate -3 - (0 - 3) - (-137 + 130).
7
-28 + 18 + (9 - 11)
-12
What is (-10 - ((31 - 8) + -9)) + 11?
-13
-17 + (-18 - (-10 - 2) - 9)
-32
Calculate -2 - (-2 + 2 + -1 - (70 - 75)).
-6
Evaluate -8 - (-2 + -19) - 5 - 18.
-10
4 + -1 + 1 - (-14 - -42)
-24
-28 + -2 - (25 + -4 + -32)
-19
What is the value of (-21 - -18) + (-19 - (-1 - -6))?
-27
What is the value of (5 - 10) + -5 - (-3 + (10 - 3))?
-14
What is the value of 178 - 166 - (11 + 1) - (-1 - -4)?
-3
Evaluate -18 - -24 - 12 - (-3 + 0) - 12.
-15
Evaluate 22 - (46 - (-4 - -23)).
-5
What is the value of -12 + -2 - (-5 + 13 + -12)?
-10
Evaluate 11 + (6 - 17) + (5 - 3).
2
What is (125 + -118 - (0 + 19)) + 3 - 3?
-12
What is 10 + 0 + 2 + 2 + -15?
-1
-1 + 2 + -2 + -7 + 3
-5
Evaluate (-7 - (12 + 7 + -14)) + -5 - 6.
-23
-3 + -11 + 3 + (2 - -2)
-7
What is the value of (15 - -20 - 29) + -11?
-5
What is the value of -11 + (25 + -7 - 2) - (7 - 0)?
-2
Evaluate -6 - (9 - (-3 - -9)).
-9
Calculate -1 + -19 + (-76 - -82).
-14
Evaluate (-33 - -18) + 21 + 1.
7
Evaluate -54 - (-63 + (29 - -1)).
-21
Evaluate 1 + -7 - (-65 + 56).
3
Calculate -1 + -2 + (0 + -8 - -9) - 7.
-9
Evaluate 7 - (5 + 5 - 13 - -10).
0
Calculate 11 - ((-8 - 0) + 8).
11
What is the value of -2 + -3 + (-20 - -14 - -3)?
-8
What is the value of 208 - 213 - (7 + -34)?
22
Calculate (11 - 7 - 13) + 23.
14
Evaluate 8 + 3 + (-4 - 2) + 2 + 1.
8
(102 - 93 - (0 + 0 + 2)) + 9
16
What is -1 - 85 - -97 - (0 - (-1 + -36))?
-26
Evaluate -3 + -1 + (-8 - (5 - 15)).
-2
40 - (10 + 34 + -37)
33
What is the value of 5 + (-33 - -24) + 18 + 2 + 3?
19
-25 + (25 - -5) - (0 - -14)
-9
Evaluate 1 - -1 - (26 - 10 - (-16 + 12)).
-18
Calculate 1 - (3 + -8 + 5 + 3 - 20).
18
(16 + -2 - (-27 - -44)) + -3
-6
What is (6 + -4 - -10) + (-1 - 1)?
10
Calculate 19 + -5 + 22 + -13 + -13.
10
What is the value of (-7 - (-7 - -4)) + 6 + -3?
-1
Evaluate 14 - ((-12 - -4) + 7) - (-2 - -7).
10
-1 + 23 + -22 + (-4 - 1) - 4
-9
3 - ((-3 - (1 + 7)) + 9)
5
What is the value of (8 - (-3 - 5 - -8)) + (1 - 2)?
7
What is the value of 8 + 10 + -20 - 6 - -12?
4
What is the value of (55 - (54 - -10)) + (-2 - 1)?
-12
What is the value of 41 + -69 + 27 - (0 - -6)?
-7
What is the value of 28 + -59 + 36 - (1 - -1)?
3
5 + 5 + -21 + -2
-13
16 + (-12 - 16 - -12)
0
Evaluate -20 - (-28 + 9 + 6).
-7
What is the value of 3 + (0 - -6 - 1) + 145 + -145?
8
Calculate (-9 - 2) + -71 + 89 - -3.
10
Evaluate 13 - ((-8 - -21) + 4).
-4
Evaluate -109 + 89 + 9 + -2.
-13
Calculate (-2 - -6 - 9 - -11) + -16.
-10
What is (10 - 9) + -12 + (27 - -1)?
17
Evaluate 6 + (2 + -11 + (13 - 12) - -10).
8
Calculate -5 - (-6 - (-20 - -26)) - -6.
13
-2 - 4 - (-26 + 30 - 1)
-9
Evaluate -4 - (-11 - (5 + -18 + 11)).
5
(2 + (12 - 10) - -16) + 1
21
11 + -22 + 6 + 3 + (-1 - 0)
-3
What is the value of -10 - (26 + -67) - 12?
19
Calculate 1 + -21 + (-137 - -159).
2
What is the value of -9 + 5 - (-82 - -81)?
-3
Evaluate (62 - 44) + (-19 - 4) + -17.
-22
Calculate 2 + (1 + -22 - -12).
-7
-2530 - -2540 - (-15 + (1 - 0))
24
Evaluate 1 + (1 - -11) - (-23 + 36 + -14).
14
What is -3 - 1 - -12 - (-6 - -3)?
11
-32 - (-32 - -14 - 18)
4
What is 7 - (3 + -1 + -9 - (14 - 24))?
4
Calculate 4 - (-6 + 5 + -4 - 0) - -2.
11
What is the value of 9 + 0 - (5 - (-30